156/10 - 12)/((-2)/10). Let j(d) = -2*d**3 - 32*d**2 + 24*d - 40. List the prime factors of j(b).
2, 103
Suppose -5*v = 3*v - 8. Let j(t) = 8*t - 3. Let h be j(v). Suppose -4*u + 271 = 3*a, 287 + 193 = h*a + u. List the prime factors of a.
97
Let m(o) = 13*o**2 + 25*o. Let x be m(-2). List the prime factors of ((-1870)/(-77))/(x/14).
2, 5, 17
Suppose -12*t = -t. Suppose -10*c + 35*c - 19150 = t. List the prime factors of c.
2, 383
Let l(y) = y**3 - 4*y**2 - 8*y + 12. Let v be l(5). List the prime factors of (0 + v/12)/(24/(-288)).
3
Let c = -15 - -83. Suppose -u - c = -3*u. Suppose 0 = k - u - 79. List the prime factors of k.
113
List the prime factors of 9129 - (-84)/(132/11).
2, 571
Let z(i) = -1394*i**2 + 12*i - 2. Let g be z(1). Let b = g - -2164. What are the prime factors of b?
2, 3, 5, 13
List the prime factors of (-4 + 0)/(48/(-96)) - -11471.
13, 883
Suppose 0 = w - 3 + 1. Let b(m) = -5*m - 63. Let o be b(-23). Suppose -2*l + 54 = -l + w*d, -l - d = -o. What are the prime factors of l?
2, 5
Let p = 6353 + -4478. List the prime factors of p.
3, 5
Let q = 60380 + -26551. What are the prime factors of q?
33829
Suppose 11*a = 14*a - 96. Suppose 0*o + 4*k = 4*o - a, -3*o + k + 16 = 0. Suppose -3*i = -i + o*d + 8, -4*i - 3*d + 4 = 0. List the prime factors of i.
2
List the prime factors of -8 + (560812/18 - 156/702).
2, 13, 599
Let v = 5138 + -5121. Let b(d) = -3*d - 26. Let s(g) = -3*g - 27. Let q(r) = -4*b(r) + 3*s(r). What are the prime factors of q(v)?
2, 37
Let z(s) = -35 + 9 + 13*s - 19*s**3 + 18*s**3 - s**2. What are the prime factors of z(-12)?
2, 701
Suppose -3*a = r - 4066, -449*a - 5396 = -453*a + 5*r. List the prime factors of a.
2, 677
Let l be (-20)/(-6)*(7 + -9 + 5). Suppose l = -7*q + 227. Suppose q*z = 26*z + 25. List the prime factors of z.
5
Suppose 6*k + 61662 = 92*k. What are the prime factors of k?
3, 239
List the prime factors of 7477/(-4)*((-84)/(-7))/(-3) + -8.
7, 11, 97
Let l be (1 + 69)*(-16)/20. Let s = 148 + l. Suppose 39 = 2*x + 2*y - 145, 0 = x + 5*y - s. What are the prime factors of x?
2, 23
Suppose 32*l = -72598 + 205014. What are the prime factors of l?
2, 2069
Suppose -10*v = -5*i - 48730, 5*v + 5*i = 10*v - 24370. List the prime factors of v.
2, 3, 7, 29
Let t = -23671 + 40759. What are the prime factors of t?
2, 3, 89
Suppose -4 = -3*y - 4*u, -5*y + 3*u + 9 = -17. Suppose -4*b + n = -4999, -3*n - 5 = -y*n. List the prime factors of b.
3, 139
Suppose -32820 - 469740 = -72*x. What are the prime factors of x?
2, 5, 349
Let x be (-46)/(1/(4*(2 + -3))). Let w = -300 + x. Let h = 216 + w. List the prime factors of h.
2, 5
List the prime factors of 4 + (-50104)/(-8) + (-3 - 3).
3, 2087
Let f(x) = -x + 2. Let j be f(-2). Suppose r + 4*s = 11 + 73, -r + j*s + 60 = 0. Let v = 149 - r. List the prime factors of v.
7, 11
Let l = 58 + -54. Suppose -4*a = -g + 115, -3*g - l*a = 2*g - 647. Suppose -4*y = -3*y - g. List the prime factors of y.
127
Let v be (0 - 70/15)*-231. Let r = 1805 - v. What are the prime factors of r?
727
Let r be 1948/36 - 4/36. Let i = 45 - r. Let c = 71 + i. List the prime factors of c.
2, 31
Let d = -10017 - -17121. List the prime factors of d.
2, 3, 37
Let d be (-2 + -2 + 8)/(2/1433). Suppose -5*f + d + 1454 = 0. List the prime factors of f.
2, 3
Let x = 1827 + 1892. List the prime factors of x.
3719
Suppose 2*v + 286 = -426. Let l = v + 181. Let y = 290 + l. List the prime factors of y.
5, 23
Suppose -k - 132 = -5*i, -2*i + 0*i + 63 = 3*k. Let y = 679 + i. What are the prime factors of y?
2, 353
Suppose 78*r - 77*r + 83 = 0. Let w = 312 + r. Let p = w + -119. List the prime factors of p.
2, 5, 11
Let l(s) = 6*s - 61. Suppose n + 4*k + 296 = 3*n, 0 = 2*n + k - 291. Let p = n + -124. List the prime factors of l(p).
71
List the prime factors of (9 + -15)/((-9)/6189).
2, 2063
Suppose 38501*v = 38489*v + 278412. List the prime factors of v.
23201
Let z = 131 - 218. Let t = z + 81. Let r(w) = -w**2 + 40. What are the prime factors of r(t)?
2
Let g be 3 - ((-67)/(-2))/((-5)/(-10)). Suppose -2*h = 2 - 4. What are the prime factors of (72/(-32))/(h/g)?
2, 3
Suppose 0 = 78*m - 1230036 - 1819452. List the prime factors of m.
2, 3, 181
Let p = -51956 - -91295. List the prime factors of p.
3, 31, 47
Let r = 2289 - 1205. Suppose 2*v - 5*b - 853 = 0, 2*b - r - 205 = -3*v. What are the prime factors of v?
3, 11, 13
Suppose 211*n - 1575479 = 141*n - 18399. List the prime factors of n.
2, 67, 83
Suppose -25 = -7*k - 67. Let q be (2/k)/(3/(-54)*2). Suppose -5*j + t = -964, -t + q*t = -3*j + 581. What are the prime factors of j?
193
Suppose 371 = 27*o - 28*o. Let j = 190 - o. What are the prime factors of j?
3, 11, 17
Suppose -16 = -v - 2. List the prime factors of (-510)/(-20)*2/6*v.
7, 17
Let w = -72 - -91. Let h(r) = 6*r**3 - 18*r**2 - 5*r**3 - 25 + 0*r**3 - 10*r. What are the prime factors of h(w)?
2, 73
What are the prime factors of (233240/24 - 1/3) + (-30)/(-15)?
2, 3, 5
Let o = 586 - 579. Let q(f) = f**3 - 2*f**2 + 4*f - 3. Let v be q(2). Suppose -2*y + 5*m = -168, o*m - 3*m = -v*y + 453. What are the prime factors of y?
89
Let d be (-2)/3*(8 - 4 - 10). Suppose 0 = -0*c + c + 3, d*i - 2*c - 1254 = 0. List the prime factors of i.
2, 3, 13
Suppose 110*p + 12*p = 30*p + 2772052. What are the prime factors of p?
29, 1039
Let a(b) = 8*b**2 + 4*b + 5. Let y = -2 - -53. Let i = y + -55. What are the prime factors of a(i)?
3, 13
Let k be 3165/(-10)*-10*4/6. Suppose -k = -7*m + 949. List the prime factors of m.
19, 23
Let q(l) be the second derivative of 74*l**3/3 + 4*l**2 - 42*l. What are the prime factors of q(1)?
2, 3, 13
Suppose -6*w = -29099 + 2321. Let c = -3171 + w. What are the prime factors of c?
2, 17, 19
What are the prime factors of 4/((-59997)/(-11998) + -4 + -1)?
2, 857
Let z be (((-3)/(-4))/1)/(26/1144). Suppose -3880 = z*v - 43*v. What are the prime factors of v?
2, 97
Let l(x) = -2670*x**3 - x**2 - 3*x - 3. Let w be l(-1). Suppose -w = -6*n + 27571. List the prime factors of n/25 - (-9)/(-15).
3, 67
Suppose -128*l = -123*l + 45. Let y(x) = -x**3 - 4*x**2 - 20*x + 15. What are the prime factors of y(l)?
2, 3, 5
Suppose 15*v - 82067 = -872. List the prime factors of v.
5413
Let g be (-168)/98*56/(-8). Let o be 0/(-1) - (0 + 0). Suppose 4*b + g = -o*b, 0 = -5*q - 4*b + 38. What are the prime factors of q?
2, 5
Let t(m) = 82*m + 1654. Let y be t(-19). Suppose 4*p = 2*h + 30, -2*p - 2*p + h = -29. Suppose 1689 = p*a - y. List the prime factors of a.
3, 5, 17
Let r(c) = 24*c + 16. Suppose 0 = 5*t + 22 + 23. Let k be ((-2)/((-10)/t))/(9/(-30)). What are the prime factors of r(k)?
2, 5
What are the prime factors of (1812/77 - 44/(-242))/((-1)/(-7))?
2, 83
Suppose -3*c + 5750 = -144*t + 145*t, -5*t - 3*c = -28750. What are the prime factors of t?
2, 5, 23
Suppose -g - 5 = -2*f + 11, 2*f + g - 20 = 0. Let b be ((-42)/f)/((-4)/24). Suppose q - 262 = -3*s, s - b = -4*q + 52. List the prime factors of s.
2, 11
Let f be (153/(-12))/(3/(-8)). Let a = 168 + -52. Let y = a - f. What are the prime factors of y?
2, 41
Suppose -199*o + 5*d = -203*o + 222245, 3*d - 277790 = -5*o. List the prime factors of o.
5, 41, 271
Let y(c) = c**3 + 4*c**2 + 3*c. Let k be y(-3). Suppose 4*t + 5*s + 4 = k, s - 3 = 3*t - s. What are the prime factors of (-270)/(-8) - (t + 9/12)?
2, 17
Let v(b) = -8*b**3 + 8*b**2 + 19*b - 7*b**2 + 55 - 11*b + 0*b**3. What are the prime factors of v(-5)?
2, 5, 13
Suppose 4*n - 54694 = 2*n + 5*f, 2*f + 164030 = 6*n. List the prime factors of n.
27337
List the prime factors of 18 - -2*18036/4.
2, 3, 251
Let m be (1*-7)/(56/(-112)). Suppose 4*l - 26370 = -m*l. List the prime factors of l.
5, 293
Let g = 5 + -2. Let y(j) be the first derivative of j**4/4 + 4*j**3/3 - 9*j**2/2 + 5*j - 2903. List the prime factors of y(g).
41
What are the prime factors of (-4)/9 + ((-1680518)/(-207) - -12)?
2, 3, 5, 271
Let g(j) = -j - 3*j + 13*j**2 - j + 5 + 2*j**2. List the prime factors of g(-5).
3, 5
Let j = 918 - 910. Suppose -14*w = j*w - 32164. List the prime factors of w.
2, 17, 43
Let x(y) = -8*y**3 - 11*y**2 + 5*y + 166. List the prime factors of x(-16).
2, 23, 653
Let r(s) = 244*s**3 - 3*s**2 - 18*s - 63. List the prime factors of r(5).
2, 11, 43
Let z(h) = h**2 - 11*h - 5. Let u be -1*(-2 - -2) - 9. Let i